
Suppose i - 5 = 4*y, 3*i - 80 = -0*i - y. What is the tens digit of i?
2
Let j(r) = -7*r - 50. What is the tens digit of j(-24)?
1
Let s(w) = -w**3 - 14*w**2 - 16*w - 22. What is the units digit of s(-14)?
2
Suppose -16 + 4 = -4*f. Let y = -1 + f. Suppose 0 = 3*w - 5*w + y. What is the units digit of w?
1
Let x = -51 + 16. Let r = -15 - x. What is the tens digit of r?
2
Let o(l) = 120*l**2 - 3*l - 2. What is the tens digit of o(-1)?
2
Suppose -3*z = g - 23, -g + 4 = -5*z - 11. What is the units digit of g?
0
Suppose 0 = -3*f - 3*r + 99, 2*r - 5*r = -2*f + 46. What is the tens digit of f?
2
Suppose -3*d - 3*q = -93 - 78, 5*d + 2*q = 297. What is the tens digit of d?
6
Let q(l) = -l**3 - 7*l**2 - 5*l + 14. What is the units digit of q(-7)?
9
Let m(h) = -h**3 + 6*h**2 + 4*h - 8. What is the units digit of m(6)?
6
Suppose 35*a = 19*a + 4448. What is the tens digit of a?
7
What is the units digit of 10/(-35) + (-5)/(70/(-1572))?
2
What is the tens digit of ((-66)/4 + 4)*-6?
7
What is the units digit of ((-372)/9 + -2)/(15/(-45))?
0
Let l(y) = 149*y - 3. What is the hundreds digit of l(1)?
1
Let r = 4 - 2. What is the units digit of (2/4)/(r/72)?
8
Let v = 6 + -2. Let k(o) = -o**2 - 5*o - 1. Let j be k(-4). What is the units digit of 6*(v/j)/2?
4
Let k(m) = -8*m**2 - 2*m - 1. Let q be k(-1). What is the units digit of (-3)/(-2)*(q + 11)?
6
Let d(f) = 9*f**2 - 3*f - 8. What is the units digit of d(-4)?
8
Suppose -3*d = -0*n - 3*n - 3, -4*n = 12. What is the units digit of 1/(d/3)*-2?
3
Suppose 2 - 18 = -4*u + 4*j, 10 = -5*j. Suppose u*r - 3 = r. Suppose 2 = 4*b - h - 11, -h + r = 0. What is the units digit of b?
4
Suppose 6 = -c - 6. Let z be (-30)/(-3)*1/(-2). Let k = z - c. What is the units digit of k?
7
Suppose 4*r = -6 - 2. What is the units digit of 141/4 + r/8?
5
Let c be 24/20 - (-1)/(-5). Let d be (5/3)/(c/3). What is the units digit of (-2)/d - (-34)/10?
3
Suppose -3*l - 118 - 39 = -k, 0 = 3*k + 2*l - 526. What is the tens digit of k?
7
Let t = 35 + -12. What is the tens digit of t?
2
Let g = 153 + -91. What is the units digit of g?
2
Let c(a) = 3*a**2 + a - 3. What is the units digit of c(-3)?
1
Suppose -2*k - 110 = -7*k. Let r be (-8 + -1)/((-3)/(-2)). Let n = k + r. What is the tens digit of n?
1
Let x = 375 + -268. What is the tens digit of x?
0
Suppose -2*z = 2*x - 23 - 19, -47 = -3*x + 5*z. What is the tens digit of x?
1
Suppose 7*v - 60 = v. What is the tens digit of v?
1
Suppose 14 = p - 2*a - 7, p + 3*a = -4. What is the tens digit of p?
1
Suppose 2*k - 61 = 527. What is the units digit of k?
4
Let g(w) = -2*w**2 + 3*w. Let r(p) = 2*p**2 - 3*p. Let f(j) = 2*g(j) + 3*r(j). Let n be f(2). Let l(q) = 3*q**2 - 2. What is the tens digit of l(n)?
1
Let s(h) = 6*h - 53. What is the units digit of s(18)?
5
Let d(b) = b**2 - 25*b + 71. What is the tens digit of d(29)?
8
What is the hundreds digit of -12 - -6 - -301 - (1 - 0)?
2
Let y = 43 - -113. What is the tens digit of y?
5
Let d be (0 - -2)*(-13)/(-2). Let j be -1 - -1 - (2 + -4). Suppose -5*n + l = -d, 0*n - 4*n - j*l = -16. What is the units digit of n?
3
Let r = -39 + 59. What is the tens digit of r?
2
Let t(h) = h**3 + 10*h**2 - h - 7. Let q be t(-10). Suppose -3 = -q*b + 6. What is the units digit of b?
3
Let x(g) = 3*g**3 + 2*g**2 - 4. Let w be x(3). Suppose -4*t = -9*t + w. Suppose 0*y + 3*y - t = 2*j, -j = 3*y - 4. What is the units digit of y?
3
Suppose -m = 2*m - 9. Suppose m + 7 = j. What is the tens digit of j?
1
Suppose c - 33 = 3*t - 5*t, -2*c - 5*t = -63. Suppose 3*w - c = -0*w. What is the units digit of w?
3
Let l(j) = -15*j - 6. Let p(x) = -7*x - 3. Let v(w) = -2*l(w) + 5*p(w). Suppose 3*f + q = -14, 2*f + 7*q - 3*q = -26. What is the tens digit of v(f)?
1
Suppose 0*q = 3*q - 6, 3*a - 5*q = -13. Let l(d) = -15*d**3. Let v be l(a). Suppose -v = -4*z - 3, 2*p - z = 21. What is the tens digit of p?
1
Let f(g) = -30*g**2 + 2*g + 1. Let n be f(-1). Let r = n + 14. Let m = -6 - r. What is the tens digit of m?
1
Suppose 0 = -b - b + 6. Suppose 5*p - 49 = 4*f - 10, 4 = p + b*f. Let h = p + 12. What is the units digit of h?
9
Suppose u - 62 = -2*y, 5*y - 104 = 2*y + 4*u. What is the tens digit of y?
3
Let y be 1 - 1/(-1) - 4. Let q = y + 2. Suppose 5*j - 16 = 3*f, q = 4*f - f - 9. What is the units digit of j?
5
Let q(a) = -a**3 + 5*a**2 - 4*a. Let k be q(3). Suppose i - 4*i + k = 0. What is the units digit of i?
2
Let i(f) = 3 - f**2 + 2 - 10*f - 1. What is the tens digit of i(-6)?
2
Suppose 0 = -7*f + 2*f - a - 4, 5*a = -3*f - 20. Let q = -1 - f. What is the units digit of ((-6)/(-2) - q)*2?
8
Suppose 0 = i + i - 10. Suppose -28 + 3 = i*h. Let l = h + 8. What is the units digit of l?
3
Let g(l) = -l**2 - l + 2. Let n be g(-3). Let i = 19 - 7. Let u = n + i. What is the units digit of u?
8
Let u(j) = -14*j**2 - 5*j - 3. Let i(v) = -5*v**2 - 2*v - 1. Let m(x) = -8*i(x) + 3*u(x). Let z be m(1). What is the units digit of 2/4 + (-9)/z?
5
Let h(j) = -j**3 + 6*j**2 - j + 7. Let k be h(6). Let f be -1 + (8 - (k - 0)). Let a = 13 - f. What is the units digit of a?
7
Suppose -4*i + 6*c + 129 = c, 2*i - 2*c = 66. Suppose b + b = i. What is the tens digit of b?
1
Suppose -5*f + 13 + 2 = 0, -4*w = -4*f - 40. What is the tens digit of w?
1
What is the units digit of 8/20 - ((-2418)/(-10))/(-3)?
1
Let g = -4 + 14. Let h = g + -5. What is the units digit of h?
5
Let p(f) = 3*f - 1. Let h = -9 - -16. What is the units digit of p(h)?
0
Let r be ((2 - 4)*7)/1. What is the units digit of (r + -2)*2/(-4)?
8
Suppose 0 = -3*k + 5*u + 14, 0*k + 4*u = -2*k + 2. What is the tens digit of 15 - ((-6)/k)/(-1)?
1
Suppose -3*q - 12 = -6*q. What is the units digit of q?
4
Suppose 7*c = 4*c + 9. What is the units digit of c?
3
Let o(u) be the third derivative of -9*u**6/40 + u**5/30 + u**4/12 + u**3/6 + 8*u**2. What is the tens digit of o(-1)?
2
Let r = 112 - 76. What is the units digit of r?
6
Let p = -111 - -174. What is the units digit of p?
3
Suppose 50*y = 47*y + 72. What is the units digit of y?
4
Suppose 0*b + b - 3 = 0. Suppose -5*n = 5*f - 60, 0 = 5*n + f - b*f - 67. What is the tens digit of n?
1
Suppose 5*b = -u - 3*u + 138, 5*u = 4*b - 135. What is the units digit of b?
0
Suppose 0 = -5*c - 3*b + 357, 2*c - 3*b = -b + 130. Suppose -3*t + 2*t = 3*v - c, -2*v - t = -46. What is the tens digit of v?
2
Let l = 43 + -2. What is the tens digit of l?
4
Suppose 0 = 5*h - 3*u - 4 + 3, 0 = -2*h + 3*u - 5. Let r(x) = x - 1. Let m be r(h). Suppose -4*q = -4*k + 36, 54 = 2*k + 5*q + m. What is the tens digit of k?
1
Suppose 2*n + n = 27. Let y = 13 + -8. Suppose -q - y*p + 6 = 0, 3*q + 4*p - n + 2 = 0. What is the units digit of q?
1
Suppose 2*p - 7*p + 54 = l, 0 = -l + p + 24. What is the units digit of l?
9
Suppose 6*f + 97 = 4*v + f, -3*v - 3*f = -93. What is the tens digit of v?
2
Let u(p) = p**3 + 9*p**2 + 12. Let f be u(-9). Suppose -5*d + 36 = 4*r, f = 3*d - 0. What is the units digit of r?
4
Let j(d) = -5*d + 11. Let x be j(-8). Suppose x = 4*z - 5. What is the units digit of z?
4
Suppose -2*h + 2*p = 3*h - 10, h + 16 = 4*p. Suppose -h*a = -18 - 146. What is the tens digit of a?
4
Let j(h) = -2*h + 6. Let f be j(4). Let c(y) = -4*y - 1. Let x be c(f). Suppose -41 - x = -3*q. What is the units digit of q?
6
What is the tens digit of 0/14 - (449*2)/(-2)?
4
Let u = 595 + -411. What is the tens digit of u?
8
Let o(i) = 0*i**2 + 3 - 7*i**2 + 1 - 6*i - i**3. Let t be o(-6). Suppose -5*d = t*r - 52, d - 17 = r - 4*r. What is the units digit of d?
8
Suppose 666 = 5*q + b - 799, -5*q + 1435 = -5*b. What is the hundreds digit of q?
2
Suppose 5*h = -61 + 171. What is the tens digit of (-167)/(-11) + (-4)/h?
1
Let w = 2 + 14. Suppose -w + 1 = -5*f. What is the units digit of f - (-2 + -1 - -3)?
3
What is the units digit of (-284)/10*(-5)/2?
1
Let g(j) = -j**3 + 4*j**2 + 7*j - 6. Let h be g(5). Let y = 9 - h. What is the units digit of y?
5
Let f(a) = 3*a**2 + 4*a + 4. Let q be f(-3). Suppose 28 = -q*l + 23*l. What is the units digit of l?
7
Let s(v) = v**2 - 8*v + 1. Let x be s(8). What is the units digit of 1 - 60/(x - 5)?
6
Suppose -6*c + 749 - 125 = 0. What is the units digit of c?
4
Suppose 0 = 4*p - 74 - 22. What is the units digit of p?
4
Let d be -1 + 4 - 0 - 0. Suppose 16 = u + d*u. Suppose 0 = 4*w